ppose -322 = 48*u - 50*u + 5*d, 4*u = -d + 688. What is the greatest common divisor of u and 551?
19
Let h(x) be the third derivative of 17*x**4/24 - 49*x**3/6 + 6*x**2. Let z be h(7). Let c = 106 - z. What is the greatest common divisor of 36 and c?
36
Suppose -20 = -2*a + a. Suppose -3*u - 6*i + 1200 = -9*i, 3*u - 1224 = -5*i. Let h = -263 + u. What is the greatest common divisor of h and a?
20
Let p(s) = -9*s + 42. Let b be p(5). Let g(t) = 16*t**2 + 6*t - 1. Let o be g(b). Calculate the greatest common factor of o and 50.
25
Let r(i) = -2*i + 2. Let m be r(3). Let v be (3/(-6))/(m/48). Let j = 49 + -7. Calculate the highest common factor of j and v.
6
Suppose -19*y - 267 = -2243. Calculate the highest common divisor of 104 and y.
104
Let p(h) be the second derivative of 31*h**3/6 - h**2 + 2*h - 23. Let q be (-30)/(-50) - 14/(-10). Let j be p(q). What is the highest common factor of 36 and j?
12
Suppose 90 = 2*q - 22. Let n = q + -38. Suppose m = -f + 6*f - 445, -2*f + 170 = -2*m. What is the greatest common divisor of n and f?
18
Let f be (-42)/(-6)*(-11 - -695). Calculate the greatest common divisor of 14 and f.
14
Let o = -11 - -17. Suppose o*u + 10 = -20. Let g be 1 - -9 - u/(5/(-2)). What is the highest common factor of g and 104?
8
Let f(g) = -85*g - 1921. Let v be f(-30). What is the highest common divisor of 222 and v?
37
Let m = -6774 - -6938. What is the highest common factor of 12874 and m?
82
Let c be (-330)/50*220/(-12). What is the greatest common divisor of 3751 and c?
121
Suppose 3*a - 2*r = 40, 4*r - 32 - 64 = -5*a. Suppose 7*l - 3*l + a = 0. Let j be (-21)/(-42) + (-374)/l. Calculate the highest common divisor of 235 and j.
47
Let p = 4007 + 1241. What is the greatest common divisor of p and 246?
82
Let n be (-39)/(-5) + (-5)/(-100)*4. Suppose 2*m = 4*q - 176, 3*q = 7*q + n. Let t = -24 - m. What is the greatest common divisor of t and 102?
34
Let m(j) = 11*j + 123. Let p be m(-11). Suppose 7*z - 8*z + 7 = p*d, -4*z - 2*d + 28 = 0. Calculate the highest common factor of 91 and z.
7
Suppose -3*x = 2*d - 138, 0 = d + 9*x - 14*x - 43. Calculate the greatest common factor of d and 217.
7
Suppose 5*r - 670 = -s, -5*r = -7*s + 2*s + 3440. Suppose -13*p = -381 - s. What is the greatest common divisor of 779 and p?
41
Suppose -16*s = 250*s - 38038. Calculate the greatest common factor of 473 and s.
11
Let c(l) = -23*l + 1353. Let v be c(56). Calculate the greatest common factor of v and 403.
13
Let y(t) = -38*t**2 + 401*t - 27. Let z be y(9). Calculate the highest common factor of z and 9.
9
Let b = 99 - 80. Suppose 5*t = -5*r + 25, 2*t + 3*r - b = -2*t. What is the highest common factor of t and 64?
4
Let y = -88818 - -89436. Let o = -11 + 17. Calculate the highest common factor of o and y.
6
Let u(x) = -x**2 - 32*x - 74. Let d be u(-29). Let q = 58 - d. What is the greatest common divisor of q and 15?
15
Let a(o) = 2*o**2 - 140*o - 7042. Let i be a(-34). Let s = 23 - -107. What is the greatest common divisor of i and s?
10
Suppose 135*h = 141*h - 1092. Let w = h + -179. What is the highest common divisor of w and 27?
3
Suppose -3*y - 3*l + 7 = -23, -5*y = -2*l - 15. Suppose -y*d = w - 8*d - 6, -5 = -5*d. Let q be (1*-9 - 0)*-19. What is the greatest common factor of q and w?
9
Let i(m) = 3*m + 59. Let x be i(-21). Let k be (-195000)/(-208) + (18/x)/3. Calculate the greatest common factor of k and 52.
52
Let d = -15 - -4. Let v = 35 - 25. Let s be v/60 + d/(-6). What is the highest common factor of s and 1?
1
Let h be (4/3 - -2)*(-9)/(-5). Suppose h*a = 5410 - 1168. Calculate the highest common divisor of 303 and a.
101
Suppose -225 = -3*y + 3*l, -4*l - 490 = -470. What is the greatest common factor of 1358 and y?
14
Suppose 16*v - 129 - 81 - 222 = 0. Let d be (-1 - -2)/(2/2). Let n be d/((-6)/(-723)) - v/18. Calculate the greatest common divisor of n and 17.
17
Let i = -726 - -1050. Calculate the highest common divisor of i and 12.
12
Let a be 0/(-66) + (1 - -6473). What is the highest common factor of a and 156?
78
Let s(m) = m**2 + 34*m + 249. Let d be s(-31). What is the highest common factor of 858 and d?
78
Let r(l) = -11*l**2 - 7107*l - 7047. Let b be r(-645). Let t be (-628)/(-5) + (-2)/(-5). Calculate the greatest common divisor of t and b.
63
Let d(r) = 34*r - 266. Let u be d(9). Calculate the greatest common divisor of 200 and u.
40
Let p(c) = c**2 + 64*c + 1042. Let n be p(-41). Calculate the greatest common divisor of 121 and n.
11
Let c = 59 - 56. Suppose -c*t + 19 = 5*d - 0, 13 = -4*t + d. Let q be (t - 0) + 4 + (14 - -1). What is the highest common divisor of q and 17?
17
Let y = -54 + 90. Let x = -5 + 93. Suppose -x = -4*s - 4*b, b + 122 = 4*s + s. What is the highest common factor of y and s?
12
Let m(t) = t**2 + 2*t - 9. Let n be m(-9). Let h be (4/((-24)/1458))/(1 + -2). Calculate the highest common factor of h and n.
27
Let z(m) = m**2 + 13*m + 28. Let t be 6/12*0 + 13/(-1). Let d be z(t). What is the highest common factor of d and 91?
7
Let x(i) = -4*i**3 - i + 9. Let k be (-6)/(-72) - 111/36. Let m be x(k). What is the greatest common divisor of m and 75?
15
Let b = 16147 - 13020. What is the greatest common factor of b and 106?
53
Suppose n + 2 - 15 = 0. Let a(q) = 3*q**2 - 11*q - 27. Suppose 8*m = 3*m + 5*s, m - 16 = 5*s. Let g be a(m). What is the greatest common factor of n and g?
13
Let n be (-22)/(-110) + (-36)/(-20). Calculate the greatest common factor of 1114 and n.
2
Let g(v) be the first derivative of v**4/4 - 5*v**3/3 + 13*v**2/2 + 41*v - 146. Let d be g(6). What is the highest common factor of 62 and d?
31
Let o(z) = -z**3 + 6*z**2 - 76*z - 367. Let u be o(-5). Calculate the greatest common divisor of 384 and u.
96
Suppose 77*c - 603 = 74*c. Let w = c + -129. What is the highest common factor of w and 18?
18
Let o = -1007 - -1511. Suppose -17*g - o = -20*g. Calculate the greatest common divisor of g and 24.
24
Let j(i) = -i**2 - 8*i - 16. Let y be j(-5). Let r be (y/(-6)*-3)/((-3)/78). Suppose 260 = 2*a - 0*a. What is the highest common factor of r and a?
13
Suppose -4*a + 802 = -2*a - m, -20 = -5*m. What is the highest common divisor of 341 and a?
31
Suppose -85 = -5*y - 5*z, -3*z - 74 = -y - 73. Let a = 24 + 2. Calculate the highest common factor of a and y.
13
Let w(j) = j**2 - 6*j - 103. Let n be w(-9). Let i(t) = -36*t**3 - 2*t**2 - 3*t + 2. Let q be i(-2). Calculate the greatest common factor of n and q.
32
Let t(c) = -c**3 + 3*c**2 + 5*c - 6. Let j be t(3). Let s = 141 + -96. What is the greatest common divisor of s and j?
9
Suppose -5*s = 25, h = 2*h - s - 108. Let c = -147 + h. Let k be (-14 + -4)*c/12. Calculate the highest common factor of 33 and k.
33
Let l be (3/2)/(1/14). Let n(p) = p**3 + 18*p**2 - 36*p + 145. Let u be n(-20). Let o = -51 + u. Calculate the greatest common divisor of o and l.
7
Suppose 93 = -3*m + 6*m. Suppose 4*w = -3*a + 659, 18*w - 16*w + 1081 = 5*a. What is the highest common divisor of m and a?
31
Suppose -2*m = 3*s - 21, 0*s = 2*s + 5*m - 3. Let d = s + 15. Let q be 740/555 - (205/(-6) + (-3)/6). Calculate the highest common divisor of d and q.
12
Let p(t) = 8*t**2 + 399*t - 20. Let o be p(32). Calculate the greatest common factor of 30 and o.
30
Suppose 3 = i + 19. Let x(c) = -34*c + 45. Let t(j) = -19*j + 22. Let d(h) = 11*t(h) - 6*x(h). Let f be d(i). What is the highest common divisor of f and 572?
52
Let z = 41 + -36. Suppose -z*o - 53 = -63. Let c(u) = 4*u + 3. Let l be c(o). What is the greatest common factor of 11 and l?
11
Let w be (-45)/60 + 3804/16. Calculate the highest common divisor of w and 3.
3
Suppose -23269 - 2861 = -39*h. What is the greatest common factor of h and 402?
134
Suppose -6*o = -56*o + 1500. Let z be (7/(42/(-704)))/((-20)/o). What is the highest common factor of z and 44?
44
Suppose -6630 = 53*r - 43*r. Let b = r - -664. What is the greatest common divisor of b and 61?
1
Let d be (2 - 4) + 50 - (2 + 1). Suppose 15*i - d = 20*i. Let t(l) = -5*l - 25. Let y be t(i). Calculate the highest common divisor of 70 and y.
10
Suppose q = -3*i + 62, -i = -q - 29 + 3. Let h be (-17 - -19)/((-2)/(-4)). Let z be (h/(-10))/(6/(-990)). What is the greatest common divisor of z and i?
22
Let h = -577 - -1214. What is the highest common fac